{"id":324,"date":"2026-03-11T21:25:33","date_gmt":"2026-03-12T00:25:33","guid":{"rendered":"https:\/\/desenvolveaqui.com.br\/calandrav2\/produto\/calandra-de-chapas-mot-15m-x-18m\/"},"modified":"2026-04-13T20:14:10","modified_gmt":"2026-04-13T23:14:10","slug":"calandra-de-chapas-mot-15m-x-18m","status":"publish","type":"product","link":"https:\/\/desenvolveaqui.com.br\/calandrav2\/produto\/calandra-de-chapas-mot-15m-x-18m\/","title":{"rendered":"Calandra de Chapas Mot 1,5M x 1,8M"},"content":{"rendered":"<p><strong>Inicial com acionamento motorizada 1,5 metro de \u00e1rea \u00fatil x 1,8mm.<\/strong><\/p>\n<p>Saldo de Pagamento de um valor total de 21.945,00.<\/p>\n<p>&#8211; 1,8mm de chapas em a\u00e7o carbono 1020, galvanizada ou preta.<\/p>\n<p>&#8211; 0,9mm de chapa em a\u00e7o inox.<\/p>\n<p>&nbsp;<\/p>\n<p><strong>Caracter\u00edsticas:<\/strong><\/p>\n<p>&#8211; Acompanha bancada de trabalho de altura padr\u00e3o 75 cm.<\/p>\n<p>&#8211; Eixo ma\u00e7ico de 4&#8243; em a\u00e7o 1045.<\/p>\n<p>&#8211; Sistema de movimenta\u00e7\u00e3o do eixo m\u00f3vel por gravidade. Muito mais durabilidade para seu equipamento.<\/p>\n<p><span style=\"color: red\">FRETE POR CONTA DO COMPRADOR.<\/span><\/p>\n<p><strong>IMAGEM ILUSTRATIVA<\/strong><\/p>\n","protected":false},"excerpt":{"rendered":"<p>C\u00f3digo:\u00a0<strong>1742405566563<\/strong><br \/>\nMarca:\u00a0<strong>Casa da Calandra<\/strong><br \/>\nGarantia:\u00a0<strong>3 meses contra defeitos de fabrica\u00e7\u00e3o<br \/>\n<span style=\"color: red\">ATEN\u00c7\u00c3O:\u00a025 dias \u00fateis para produ\u00e7\u00e3o e envio.<\/span><br \/>\n<\/strong><\/p>\n","protected":false},"featured_media":325,"comment_status":"open","ping_status":"closed","template":"","meta":[],"product_brand":[35],"product_cat":[28],"product_tag":[37],"class_list":{"0":"post-324","1":"product","2":"type-product","3":"status-publish","4":"has-post-thumbnail","6":"product_brand-casa-da-calandra","7":"product_cat-calandra-para-chapas","8":"product_tag-25-dias-uteis","10":"first","11":"onbackorder","12":"shipping-taxable","13":"purchasable","14":"product-type-simple"},"_links":{"self":[{"href":"https:\/\/desenvolveaqui.com.br\/calandrav2\/wp-json\/wp\/v2\/product\/324","targetHints":{"allow":["GET"]}}],"collection":[{"href":"https:\/\/desenvolveaqui.com.br\/calandrav2\/wp-json\/wp\/v2\/product"}],"about":[{"href":"https:\/\/desenvolveaqui.com.br\/calandrav2\/wp-json\/wp\/v2\/types\/product"}],"replies":[{"embeddable":true,"href":"https:\/\/desenvolveaqui.com.br\/calandrav2\/wp-json\/wp\/v2\/comments?post=324"}],"wp:featuredmedia":[{"embeddable":true,"href":"https:\/\/desenvolveaqui.com.br\/calandrav2\/wp-json\/wp\/v2\/media\/325"}],"wp:attachment":[{"href":"https:\/\/desenvolveaqui.com.br\/calandrav2\/wp-json\/wp\/v2\/media?parent=324"}],"wp:term":[{"taxonomy":"product_brand","embeddable":true,"href":"https:\/\/desenvolveaqui.com.br\/calandrav2\/wp-json\/wp\/v2\/product_brand?post=324"},{"taxonomy":"product_cat","embeddable":true,"href":"https:\/\/desenvolveaqui.com.br\/calandrav2\/wp-json\/wp\/v2\/product_cat?post=324"},{"taxonomy":"product_tag","embeddable":true,"href":"https:\/\/desenvolveaqui.com.br\/calandrav2\/wp-json\/wp\/v2\/product_tag?post=324"}],"curies":[{"name":"wp","href":"https:\/\/api.w.org\/{rel}","templated":true}]}}