{"id":762,"date":"2025-07-21T13:57:33","date_gmt":"2025-07-21T16:57:33","guid":{"rendered":"https:\/\/desenvolveaqui.com.br\/donamarta\/?page_id=762"},"modified":"2026-01-28T19:55:58","modified_gmt":"2026-01-28T22:55:58","slug":"casa-no-condominio","status":"publish","type":"page","link":"https:\/\/desenvolveaqui.com.br\/donamarta\/apartamentos\/casa-no-condominio\/","title":{"rendered":"Casa no Condom\u00ednio"},"content":{"rendered":"\t\t<div data-elementor-type=\"wp-page\" data-elementor-id=\"762\" class=\"elementor elementor-762\" data-elementor-post-type=\"page\">\n\t\t\t\t<div class=\"elementor-element elementor-element-8789973 e-flex e-con-boxed e-con e-parent\" data-id=\"8789973\" data-element_type=\"container\" data-settings=\"{&quot;background_background&quot;:&quot;classic&quot;}\">\n\t\t\t\t\t<div class=\"e-con-inner\">\n\t\t\t\t<div class=\"elementor-element elementor-element-6e4740d animated-slow elementor-invisible elementor-widget elementor-widget-heading\" data-id=\"6e4740d\" data-element_type=\"widget\" data-settings=\"{&quot;_animation&quot;:&quot;fadeInLeft&quot;,&quot;_animation_delay&quot;:200}\" data-widget_type=\"heading.default\">\n\t\t\t\t\t<h1 class=\"elementor-heading-title elementor-size-default\">Casa no Condom\u00ednio<\/h1>\t\t\t\t<\/div>\n\t\t\t\t\t<\/div>\n\t\t\t\t<\/div>\n\t\t<div class=\"elementor-element elementor-element-0196ec8 e-flex e-con-boxed e-con e-parent\" data-id=\"0196ec8\" data-element_type=\"container\">\n\t\t\t\t\t<div class=\"e-con-inner\">\n\t\t<div class=\"elementor-element elementor-element-9c4fcf6 e-con-full animated-slow e-flex e-con e-child\" data-id=\"9c4fcf6\" data-element_type=\"container\" data-settings=\"{&quot;animation&quot;:&quot;none&quot;}\">\n\t\t<div class=\"elementor-element elementor-element-27d8677 e-con-full animated-slow e-flex elementor-invisible e-con e-child\" data-id=\"27d8677\" data-element_type=\"container\" data-settings=\"{&quot;background_background&quot;:&quot;classic&quot;,&quot;animation&quot;:&quot;fadeInRight&quot;}\">\n\t\t\t\t<\/div>\n\t\t<div class=\"elementor-element elementor-element-ee093aa e-con-full e-flex e-con e-child\" data-id=\"ee093aa\" data-element_type=\"container\">\n\t\t\t\t<div class=\"elementor-element elementor-element-f035587 elementor-widget elementor-widget-heading\" data-id=\"f035587\" data-element_type=\"widget\" data-widget_type=\"heading.default\">\n\t\t\t\t\t<h2 class=\"elementor-heading-title elementor-size-default\">Su\u00edte P\u00e1tio \u2013 Privacidade e Aconchego.<\/h2>\t\t\t\t<\/div>\n\t\t\t\t<div class=\"elementor-element elementor-element-3ef9d64 elementor-widget elementor-widget-text-editor\" data-id=\"3ef9d64\" data-element_type=\"widget\" data-widget_type=\"text-editor.default\">\n\t\t\t\t\t\t\t\t\t<p>Localizada em uma regi\u00e3o reservada da propriedade, a Su\u00edte P\u00e1tio oferece todo o conforto de uma casa com a atmosfera acolhedora da pousada. Ideal para casais ou pequenas fam\u00edlias, conta com estrutura completa, decora\u00e7\u00e3o pensada nos detalhes e muita privacidade.<\/p>\t\t\t\t\t\t\t\t<\/div>\n\t\t\t\t<\/div>\n\t\t<div class=\"elementor-element elementor-element-146b5fb e-con-full e-flex e-con e-child\" data-id=\"146b5fb\" data-element_type=\"container\">\n\t\t<div class=\"elementor-element elementor-element-355dd43 e-con-full e-flex e-con e-child\" data-id=\"355dd43\" data-element_type=\"container\">\n\t\t<div class=\"elementor-element elementor-element-412e18c e-con-full animated-slow e-flex elementor-invisible e-con e-child\" data-id=\"412e18c\" data-element_type=\"container\" data-settings=\"{&quot;background_background&quot;:&quot;classic&quot;,&quot;animation&quot;:&quot;fadeInLeft&quot;}\">\n\t\t<div class=\"elementor-element elementor-element-fd6a0b1 e-con-full e-flex e-con e-child\" data-id=\"fd6a0b1\" data-element_type=\"container\">\n\t\t\t\t<div class=\"elementor-element elementor-element-0960416 elementor-widget elementor-widget-image\" data-id=\"0960416\" data-element_type=\"widget\" data-widget_type=\"image.default\">\n\t\t\t\t\t\t\t\t\t\t\t\t\t\t\t\t<a href=\"https:\/\/desenvolveaqui.com.br\/donamarta\/wp-content\/uploads\/2026\/01\/casa_no_dominio-6.webp\" data-elementor-open-lightbox=\"yes\" data-elementor-lightbox-title=\"casa_no_dominio (6)\" data-e-action-hash=\"#elementor-action%3Aaction%3Dlightbox%26settings%3DeyJpZCI6OTkzLCJ1cmwiOiJodHRwczpcL1wvZGVzZW52b2x2ZWFxdWkuY29tLmJyXC9kb25hbWFydGFcL3dwLWNvbnRlbnRcL3VwbG9hZHNcLzIwMjZcLzAxXC9jYXNhX25vX2RvbWluaW8tNi53ZWJwIn0%3D\">\n\t\t\t\t\t\t\t<img fetchpriority=\"high\" decoding=\"async\" width=\"800\" height=\"360\" src=\"https:\/\/desenvolveaqui.com.br\/donamarta\/wp-content\/uploads\/2026\/01\/casa_no_dominio-6-1024x461.webp\" class=\"attachment-large size-large wp-image-993\" alt=\"\" srcset=\"https:\/\/desenvolveaqui.com.br\/donamarta\/wp-content\/uploads\/2026\/01\/casa_no_dominio-6-1024x461.webp 1024w, https:\/\/desenvolveaqui.com.br\/donamarta\/wp-content\/uploads\/2026\/01\/casa_no_dominio-6-300x135.webp 300w, https:\/\/desenvolveaqui.com.br\/donamarta\/wp-content\/uploads\/2026\/01\/casa_no_dominio-6-768x346.webp 768w, https:\/\/desenvolveaqui.com.br\/donamarta\/wp-content\/uploads\/2026\/01\/casa_no_dominio-6-1536x691.webp 1536w, https:\/\/desenvolveaqui.com.br\/donamarta\/wp-content\/uploads\/2026\/01\/casa_no_dominio-6.webp 1640w\" sizes=\"(max-width: 800px) 100vw, 800px\" \/>\t\t\t\t\t\t\t\t<\/a>\n\t\t\t\t\t\t\t\t\t\t\t\t\t\t\t<\/div>\n\t\t\t\t<\/div>\n\t\t<div class=\"elementor-element elementor-element-1dd3df3 e-con-full e-flex e-con e-child\" data-id=\"1dd3df3\" data-element_type=\"container\">\n\t\t\t\t<div class=\"elementor-element elementor-element-2a68857 elementor-arrows-position-inside elementor-widget elementor-widget-image-carousel\" data-id=\"2a68857\" data-element_type=\"widget\" data-settings=\"{&quot;slides_to_show_tablet&quot;:&quot;3&quot;,&quot;navigation&quot;:&quot;arrows&quot;,&quot;image_spacing_custom&quot;:{&quot;unit&quot;:&quot;px&quot;,&quot;size&quot;:10,&quot;sizes&quot;:[]},&quot;image_spacing_custom_tablet&quot;:{&quot;unit&quot;:&quot;px&quot;,&quot;size&quot;:10,&quot;sizes&quot;:[]},&quot;autoplay&quot;:&quot;yes&quot;,&quot;pause_on_hover&quot;:&quot;yes&quot;,&quot;pause_on_interaction&quot;:&quot;yes&quot;,&quot;autoplay_speed&quot;:5000,&quot;infinite&quot;:&quot;yes&quot;,&quot;speed&quot;:500,&quot;image_spacing_custom_mobile&quot;:{&quot;unit&quot;:&quot;px&quot;,&quot;size&quot;:&quot;&quot;,&quot;sizes&quot;:[]}}\" data-widget_type=\"image-carousel.default\">\n\t\t\t\t\t\t\t<div class=\"elementor-image-carousel-wrapper swiper\" role=\"region\" aria-roledescription=\"carousel\" aria-label=\"Carrossel de imagens\" dir=\"ltr\">\n\t\t\t<div class=\"elementor-image-carousel swiper-wrapper\" aria-live=\"off\">\n\t\t\t\t\t\t\t\t<div class=\"swiper-slide\" role=\"group\" aria-roledescription=\"slide\" aria-label=\"1 de 5\"><figure class=\"swiper-slide-inner\"><img decoding=\"async\" class=\"swiper-slide-image\" src=\"https:\/\/desenvolveaqui.com.br\/donamarta\/wp-content\/uploads\/elementor\/thumbs\/casa_no_dominio-3-ricaufqqchlhb8clrji569vuj8e1vlfpu8yuq71qro.webp\" alt=\"casa_no_dominio (3)\" \/><\/figure><\/div><div class=\"swiper-slide\" role=\"group\" aria-roledescription=\"slide\" aria-label=\"2 de 5\"><figure class=\"swiper-slide-inner\"><img decoding=\"async\" class=\"swiper-slide-image\" src=\"https:\/\/desenvolveaqui.com.br\/donamarta\/wp-content\/uploads\/elementor\/thumbs\/casa_no_dominio-2-ricauesw5nk6zmdyx13ils4dxuionwbzi4bd8x34xw.webp\" alt=\"casa_no_dominio (2)\" \/><\/figure><\/div><div class=\"swiper-slide\" role=\"group\" aria-roledescription=\"slide\" aria-label=\"3 de 5\"><figure class=\"swiper-slide-inner\"><img decoding=\"async\" class=\"swiper-slide-image\" src=\"https:\/\/desenvolveaqui.com.br\/donamarta\/wp-content\/uploads\/elementor\/thumbs\/casa_no_dominio-1-ricaudv1ytiwo0fc2iow1acxcgnbg7895znvrn4j44.webp\" alt=\"casa_no_dominio (1)\" \/><\/figure><\/div><div class=\"swiper-slide\" role=\"group\" aria-roledescription=\"slide\" aria-label=\"4 de 5\"><figure class=\"swiper-slide-inner\"><img decoding=\"async\" class=\"swiper-slide-image\" src=\"https:\/\/desenvolveaqui.com.br\/donamarta\/wp-content\/uploads\/elementor\/thumbs\/casa_no_dominio-5-ricaucx7rzhmcegp80a9gslgr2ry8i4itv0ead5xac.webp\" alt=\"casa_no_dominio (5)\" \/><\/figure><\/div><div class=\"swiper-slide\" role=\"group\" aria-roledescription=\"slide\" aria-label=\"5 de 5\"><figure class=\"swiper-slide-inner\"><img decoding=\"async\" class=\"swiper-slide-image\" src=\"https:\/\/desenvolveaqui.com.br\/donamarta\/wp-content\/uploads\/elementor\/thumbs\/casa_no_dominio-4-ricaubzdl5gc0si2dhvmwau05owl0t0shqcwt37bgk.webp\" alt=\"casa_no_dominio (4)\" \/><\/figure><\/div>\t\t\t<\/div>\n\t\t\t\t\t\t\t\t\t\t\t\t<div class=\"elementor-swiper-button elementor-swiper-button-prev\" role=\"button\" tabindex=\"0\">\n\t\t\t\t\t\t<svg aria-hidden=\"true\" class=\"e-font-icon-svg e-eicon-chevron-left\" viewBox=\"0 0 1000 1000\" xmlns=\"http:\/\/www.w3.org\/2000\/svg\"><path d=\"M646 125C629 125 613 133 604 142L308 442C296 454 292 471 292 487 292 504 296 521 308 533L604 854C617 867 629 875 646 875 663 875 679 871 692 858 704 846 713 829 713 812 713 796 708 779 692 767L438 487 692 225C700 217 708 204 708 187 708 171 704 154 692 142 675 129 663 125 646 125Z\"><\/path><\/svg>\t\t\t\t\t<\/div>\n\t\t\t\t\t<div class=\"elementor-swiper-button elementor-swiper-button-next\" role=\"button\" tabindex=\"0\">\n\t\t\t\t\t\t<svg aria-hidden=\"true\" class=\"e-font-icon-svg e-eicon-chevron-right\" viewBox=\"0 0 1000 1000\" xmlns=\"http:\/\/www.w3.org\/2000\/svg\"><path d=\"M696 533C708 521 713 504 713 487 713 471 708 454 696 446L400 146C388 133 375 125 354 125 338 125 325 129 313 142 300 154 292 171 292 187 292 204 296 221 308 233L563 492 304 771C292 783 288 800 288 817 288 833 296 850 308 863 321 871 338 875 354 875 371 875 388 867 400 854L696 533Z\"><\/path><\/svg>\t\t\t\t\t<\/div>\n\t\t\t\t\n\t\t\t\t\t\t\t\t\t<\/div>\n\t\t\t\t\t\t<\/div>\n\t\t\t\t<\/div>\n\t\t\t\t<\/div>\n\t\t<div class=\"elementor-element elementor-element-bbb0bb1 e-con-full e-flex e-con e-child\" data-id=\"bbb0bb1\" data-element_type=\"container\">\n\t\t\t\t<div class=\"elementor-element elementor-element-a894b47 elementor-widget elementor-widget-heading\" data-id=\"a894b47\" data-element_type=\"widget\" data-widget_type=\"heading.default\">\n\t\t\t\t\t<h2 class=\"elementor-heading-title elementor-size-default\">Su\u00edte Aconchegante<\/h2>\t\t\t\t<\/div>\n\t\t\t\t<div class=\"elementor-element elementor-element-45911ca elementor-widget elementor-widget-text-editor\" data-id=\"45911ca\" data-element_type=\"widget\" data-widget_type=\"text-editor.default\">\n\t\t\t\t\t\t\t\t\t<p>Su\u00edte independente com quarto climatizado, sala, cozinha equipada e \u00e1rea de servi\u00e7o. Compacta e perfeita para uma estadia tranquila. Ideal para casais que valorizam privacidade, conforto e praticidade.<\/p>\t\t\t\t\t\t\t\t<\/div>\n\t\t<div class=\"elementor-element elementor-element-4a767c1 e-con-full e-flex e-con e-child\" data-id=\"4a767c1\" data-element_type=\"container\">\n\t\t\t\t<div class=\"elementor-element elementor-element-8e62714 elementor-widget elementor-widget-heading\" data-id=\"8e62714\" data-element_type=\"widget\" data-widget_type=\"heading.default\">\n\t\t\t\t\t<h2 class=\"elementor-heading-title elementor-size-default\">1 quarto de casal com ar-condicionado<\/h2>\t\t\t\t<\/div>\n\t\t\t\t<\/div>\n\t\t<div class=\"elementor-element elementor-element-bc382af e-con-full e-flex e-con e-child\" data-id=\"bc382af\" data-element_type=\"container\">\n\t\t\t\t<div class=\"elementor-element elementor-element-63534ea elementor-widget elementor-widget-heading\" data-id=\"63534ea\" data-element_type=\"widget\" data-widget_type=\"heading.default\">\n\t\t\t\t\t<h2 class=\"elementor-heading-title elementor-size-default\">Sala com sof\u00e1 Smart TV<\/h2>\t\t\t\t<\/div>\n\t\t\t\t<\/div>\n\t\t<div class=\"elementor-element elementor-element-e736d47 e-con-full e-flex e-con e-child\" data-id=\"e736d47\" data-element_type=\"container\">\n\t\t\t\t<div class=\"elementor-element elementor-element-539f67a elementor-widget elementor-widget-heading\" data-id=\"539f67a\" data-element_type=\"widget\" data-widget_type=\"heading.default\">\n\t\t\t\t\t<h2 class=\"elementor-heading-title elementor-size-default\">Cozinha com utens\u00edlios e micro-ondas<\/h2>\t\t\t\t<\/div>\n\t\t\t\t<\/div>\n\t\t<div class=\"elementor-element elementor-element-96ac024 e-con-full e-flex e-con e-child\" data-id=\"96ac024\" data-element_type=\"container\">\n\t\t\t\t<div class=\"elementor-element elementor-element-e6cd464 elementor-widget elementor-widget-heading\" data-id=\"e6cd464\" data-element_type=\"widget\" data-widget_type=\"heading.default\">\n\t\t\t\t\t<h2 class=\"elementor-heading-title elementor-size-default\">\u00c1rea de servi\u00e7o<\/h2>\t\t\t\t<\/div>\n\t\t\t\t<\/div>\n\t\t<div class=\"elementor-element elementor-element-2b9dfcb e-con-full e-flex e-con e-child\" data-id=\"2b9dfcb\" data-element_type=\"container\">\n\t\t\t\t<div class=\"elementor-element elementor-element-a86776c elementor-widget elementor-widget-heading\" data-id=\"a86776c\" data-element_type=\"widget\" data-widget_type=\"heading.default\">\n\t\t\t\t\t<h2 class=\"elementor-heading-title elementor-size-default\">Banheiro completo<\/h2>\t\t\t\t<\/div>\n\t\t\t\t<\/div>\n\t\t<div class=\"elementor-element elementor-element-7592e5e e-con-full e-flex e-con e-child\" data-id=\"7592e5e\" data-element_type=\"container\">\n\t\t\t\t<div class=\"elementor-element elementor-element-286c95e elementor-widget elementor-widget-heading\" data-id=\"286c95e\" data-element_type=\"widget\" data-widget_type=\"heading.default\">\n\t\t\t\t\t<h2 class=\"elementor-heading-title elementor-size-default\">Acomoda at\u00e9 2 pessoas<\/h2>\t\t\t\t<\/div>\n\t\t\t\t<\/div>\n\t\t<div class=\"elementor-element elementor-element-9918f52 e-con-full e-flex e-con e-child\" data-id=\"9918f52\" data-element_type=\"container\">\n\t\t\t\t<div class=\"elementor-element elementor-element-e7799ac elementor-widget elementor-widget-button\" data-id=\"e7799ac\" data-element_type=\"widget\" data-widget_type=\"button.default\">\n\t\t\t\t\t\t\t\t\t\t<a class=\"elementor-button elementor-button-link elementor-size-sm\" href=\"https:\/\/desenvolveaqui.com.br\/donamarta\/contato\/\">\n\t\t\t\t\t\t<span class=\"elementor-button-content-wrapper\">\n\t\t\t\t\t\t\t\t\t<span class=\"elementor-button-text\">Quero Reservar<\/span>\n\t\t\t\t\t<\/span>\n\t\t\t\t\t<\/a>\n\t\t\t\t\t\t\t\t<\/div>\n\t\t\t\t<\/div>\n\t\t\t\t<\/div>\n\t\t\t\t<\/div>\n\t\t\t\t<\/div>\n\t\t\t\t<\/div>\n\t\t\t\t\t<\/div>\n\t\t\t\t<\/div>\n\t\t\t\t<\/div>\n\t\t","protected":false},"excerpt":{"rendered":"<p>Su\u00edte P\u00e1tio \u2013 Privacidade e Aconchego. Localizada em uma regi\u00e3o reservada da propriedade, a Su\u00edte P\u00e1tio oferece todo o conforto de uma casa com a atmosfera acolhedora da pousada. Ideal para casais ou pequenas fam\u00edlias, conta com estrutura completa, decora\u00e7\u00e3o pensada nos detalhes e muita privacidade. Su\u00edte Aconchegante Su\u00edte independente com quarto climatizado, sala, cozinha [&hellip;]<\/p>\n","protected":false},"author":1,"featured_media":0,"parent":507,"menu_order":0,"comment_status":"closed","ping_status":"closed","template":"","meta":{"footnotes":""},"class_list":["post-762","page","type-page","status-publish","hentry"],"_links":{"self":[{"href":"https:\/\/desenvolveaqui.com.br\/donamarta\/wp-json\/wp\/v2\/pages\/762","targetHints":{"allow":["GET"]}}],"collection":[{"href":"https:\/\/desenvolveaqui.com.br\/donamarta\/wp-json\/wp\/v2\/pages"}],"about":[{"href":"https:\/\/desenvolveaqui.com.br\/donamarta\/wp-json\/wp\/v2\/types\/page"}],"author":[{"embeddable":true,"href":"https:\/\/desenvolveaqui.com.br\/donamarta\/wp-json\/wp\/v2\/users\/1"}],"replies":[{"embeddable":true,"href":"https:\/\/desenvolveaqui.com.br\/donamarta\/wp-json\/wp\/v2\/comments?post=762"}],"version-history":[{"count":31,"href":"https:\/\/desenvolveaqui.com.br\/donamarta\/wp-json\/wp\/v2\/pages\/762\/revisions"}],"predecessor-version":[{"id":1008,"href":"https:\/\/desenvolveaqui.com.br\/donamarta\/wp-json\/wp\/v2\/pages\/762\/revisions\/1008"}],"up":[{"embeddable":true,"href":"https:\/\/desenvolveaqui.com.br\/donamarta\/wp-json\/wp\/v2\/pages\/507"}],"wp:attachment":[{"href":"https:\/\/desenvolveaqui.com.br\/donamarta\/wp-json\/wp\/v2\/media?parent=762"}],"curies":[{"name":"wp","href":"https:\/\/api.w.org\/{rel}","templated":true}]}}