{"id":378,"date":"2026-04-08T00:26:01","date_gmt":"2026-04-08T03:26:01","guid":{"rendered":"https:\/\/desenvolveaqui.com.br\/mdmed\/?page_id=378"},"modified":"2026-04-29T20:14:47","modified_gmt":"2026-04-29T23:14:47","slug":"planos-e-precos","status":"publish","type":"page","link":"https:\/\/desenvolveaqui.com.br\/mdmed\/planos-e-precos\/","title":{"rendered":"Planos e pre\u00e7os"},"content":{"rendered":"\t\t<div data-elementor-type=\"wp-page\" data-elementor-id=\"378\" class=\"elementor elementor-378\" data-elementor-post-type=\"page\">\n\t\t\t\t<div class=\"elementor-element elementor-element-6b43697 e-flex e-con-boxed e-con e-parent\" data-id=\"6b43697\" data-element_type=\"container\" data-e-type=\"container\" data-settings=\"{&quot;background_background&quot;:&quot;classic&quot;}\">\n\t\t\t\t\t<div class=\"e-con-inner\">\n\t\t<div class=\"elementor-element elementor-element-4f9916b e-con-full e-flex e-con e-child\" data-id=\"4f9916b\" data-element_type=\"container\" data-e-type=\"container\">\n\t\t\t\t<div class=\"elementor-element elementor-element-14685d5 elementor-list-item-link-inline elementor-align-center elementor-widget__width-initial elementor-icon-list--layout-traditional elementor-widget elementor-widget-icon-list\" data-id=\"14685d5\" data-element_type=\"widget\" data-e-type=\"widget\" data-widget_type=\"icon-list.default\">\n\t\t\t\t\t\t\t<ul class=\"elementor-icon-list-items\">\n\t\t\t\t\t\t\t<li class=\"elementor-icon-list-item\">\n\t\t\t\t\t\t\t\t\t\t\t<span class=\"elementor-icon-list-icon\">\n\t\t\t\t\t\t\t<svg xmlns=\"http:\/\/www.w3.org\/2000\/svg\" width=\"16\" height=\"16\" viewBox=\"0 0 16 16\" fill=\"none\"><path d=\"M2.66667 9.33328C2.54051 9.33371 2.41682 9.29833 2.30997 9.23126C2.20312 9.1642 2.11749 9.06818 2.06303 8.95438C2.00858 8.84059 1.98753 8.71367 2.00233 8.58838C2.01714 8.4631 2.06719 8.34459 2.14667 8.24661L8.74667 1.44661C8.79617 1.38947 8.86364 1.35085 8.93799 1.3371C9.01234 1.32335 9.08915 1.33529 9.15582 1.37095C9.22249 1.40661 9.27506 1.46388 9.30489 1.53335C9.33472 1.60283 9.34005 1.68038 9.32 1.75328L8.04 5.76661C8.00226 5.86763 7.98958 5.97629 8.00306 6.08328C8.01654 6.19028 8.05577 6.2924 8.11739 6.3809C8.17901 6.46939 8.26118 6.54162 8.35685 6.59139C8.45252 6.64115 8.55883 6.66696 8.66667 6.66661H13.3333C13.4595 6.66618 13.5832 6.70156 13.69 6.76863C13.7969 6.8357 13.8825 6.93171 13.937 7.04551C13.9914 7.15931 14.0125 7.28622 13.9977 7.41151C13.9829 7.53679 13.9328 7.65531 13.8533 7.75328L7.25333 14.5533C7.20383 14.6104 7.13636 14.649 7.06201 14.6628C6.98766 14.6765 6.91085 14.6646 6.84418 14.6289C6.77751 14.5933 6.72494 14.536 6.69511 14.4665C6.66528 14.3971 6.65995 14.3195 6.68 14.2466L7.96 10.2333C7.99774 10.1323 8.01042 10.0236 7.99694 9.91661C7.98346 9.80962 7.94423 9.70749 7.88261 9.619C7.82099 9.5305 7.73882 9.45827 7.64315 9.40851C7.54748 9.35874 7.44117 9.33293 7.33333 9.33328H2.66667Z\" stroke=\"#FFC107\" stroke-width=\"1.33333\" stroke-linecap=\"round\" stroke-linejoin=\"round\"><\/path><\/svg>\t\t\t\t\t\t<\/span>\n\t\t\t\t\t\t\t\t\t\t<span class=\"elementor-icon-list-text\">Planos e pre\u00e7os<\/span>\n\t\t\t\t\t\t\t\t\t<\/li>\n\t\t\t\t\t\t<\/ul>\n\t\t\t\t\t\t<\/div>\n\t\t\t\t<div class=\"elementor-element elementor-element-223640c elementor-widget elementor-widget-xpro-heading\" data-id=\"223640c\" data-element_type=\"widget\" data-e-type=\"widget\" data-widget_type=\"xpro-heading.default\">\n\t\t\t\t\t<div class=\"xpro-heading-wrapper xpro-simple-heading-wrapper\">\n\t<h1 class=\"xpro-heading-title\">Escolha seu plano <\/h1><\/div>\n\t\t\t\t<\/div>\n\t\t\t\t<div class=\"elementor-element elementor-element-8a04691 elementor-widget elementor-widget-xpro-heading\" data-id=\"8a04691\" data-element_type=\"widget\" data-e-type=\"widget\" data-widget_type=\"xpro-heading.default\">\n\t\t\t\t\t<div class=\"xpro-heading-wrapper xpro-simple-heading-wrapper\">\n\t<h6 class=\"xpro-heading-title\">14 dias gr\u00e1tis. <span class=\"xpro-title-focus\">N\u00e3o requer cart\u00e3o de cr\u00e9dito.<\/span> <\/h6><\/div>\n\t\t\t\t<\/div>\n\t\t\t\t<\/div>\n\t\t<div class=\"elementor-element elementor-element-30fe64f e-con-full e-flex e-con e-child\" data-id=\"30fe64f\" data-element_type=\"container\" data-e-type=\"container\">\n\t\t\t\t<div class=\"elementor-element elementor-element-720100d elementor-widget__width-inherit elementor-widget elementor-widget-html\" data-id=\"720100d\" data-element_type=\"widget\" data-e-type=\"widget\" data-widget_type=\"html.default\">\n\t\t\t\t\t<style>\r\n\/* \ud83d\udd12 ISOLAMENTO *\/\r\n.pricing-wrapper * {\r\n  box-sizing: border-box;\r\n  font-family: Inter, sans-serif;\r\n}\r\n\r\n\/* TOGGLE *\/\r\n.pricing-wrapper .toggle-wrap {\r\n  display: flex;\r\n  justify-content: flex-end;\r\n  margin-bottom: 40px;\r\n}\r\n\r\n.pricing-wrapper .toggle-pro {\r\n  position: relative;\r\n  display: flex;\r\n  align-items: center;\r\n  background: rgba(255,255,255,0.25);\r\n  backdrop-filter: blur(12px);\r\n  border-radius: 40px;\r\n  padding: 6px;\r\n  box-shadow: 0 8px 20px rgba(0,0,0,0.15);\r\n}\r\n\r\n.pricing-wrapper .toggle-pro span {\r\n  position: relative;\r\n  z-index: 2;\r\n  padding: 10px 22px;\r\n  font-size: 14px;\r\n  font-weight: 500;\r\n  color: #004250;\r\n  cursor: pointer;\r\n}\r\n\r\n.pricing-wrapper .toggle-slider {\r\n  position: absolute;\r\n  height: calc(100% - 12px);\r\n  width: 50%;\r\n  background: #fff;\r\n  border-radius: 40px;\r\n  top: 6px;\r\n  left: 6px;\r\n  transition: transform 0.3s ease;\r\n  box-shadow: 0 4px 10px rgba(0,0,0,0.15);\r\n}\r\n\r\n.pricing-wrapper .toggle-pro.active .toggle-slider {\r\n  transform: translateX(100%);\r\n}\r\n\r\n.pricing-wrapper .discount-badge {\r\n  position: absolute;\r\n  right: -10px;\r\n  top: -12px;\r\n  background: #e5f6f3;\r\n  color: #004250;\r\n  font-size: 12px;\r\n  font-weight: 600;\r\n  padding: 4px 10px;\r\n  border-radius: 20px;\r\n  box-shadow: 0 3px 8px rgba(0,0,0,0.1);\r\n}\r\n\r\n\/* GRID *\/\r\n.pricing-wrapper .pricing-cards {\r\n  display: flex;\r\n  gap: 30px;\r\n  flex-wrap: wrap;\r\n}\r\n\r\n\/* CARD *\/\r\n.pricing-wrapper .pricing-card {\r\n  background: #f3f4f6;\r\n  border-radius: 18px;\r\n  padding: 30px;\r\n  flex: 1;\r\n  min-width: 300px;\r\n  display: flex;\r\n  flex-direction: column;\r\n  justify-content: space-between;\r\n}\r\n\r\n\/* TOP *\/\r\n.pricing-wrapper .card-top {\r\n  display: flex;\r\n  flex-direction: column;\r\n  gap: 15px;\r\n}\r\n\r\n\/* TITULO *\/\r\n.pricing-wrapper .plan-title {\r\n  font-size: 24px;\r\n  font-weight: 600;\r\n  color: #004250;\r\n}\r\n\r\n\/* PRE\u00c7O *\/\r\n.pricing-wrapper .price {\r\n  font-size: 48px;\r\n  font-weight: 600;\r\n  color: #004250;\r\n}\r\n\r\n.pricing-wrapper .price small {\r\n  font-size: 16px;\r\n  font-weight: 400;\r\n  color: #7A8A88;\r\n}\r\n\r\n\/* META *\/\r\n.pricing-wrapper .meta {\r\n  font-size: 14px;\r\n  color: #7a8a88;\r\n}\r\n\r\n\/* SAVE *\/\r\n.pricing-wrapper .save {\r\n  color: #00BFA5;\r\n  font-weight: 500;\r\n}\r\n\r\n\/* DESC *\/\r\n.pricing-wrapper .desc {\r\n  font-size: 14px;\r\n  color: #7a8a88;\r\n}\r\n\r\n\/* LISTA *\/\r\n.pricing-wrapper .features {\r\n  list-style: none;\r\n  padding: 0;\r\n  margin: 10px 0;\r\n}\r\n\r\n.pricing-wrapper .features li {\r\n  margin-bottom: 10px;\r\n  font-size: 22px;\r\n  font-weight: 400;\r\n  color: #004250;\r\n  display: flex;\r\n  align-items: center;\r\n  gap: 10px;\r\n}\r\n\r\n.pricing-wrapper .features li::before {\r\n  content: \"\u2714\";\r\n  color: #00BFA5;\r\n  font-size: 20px;\r\n}\r\n\r\n\/* BOT\u00c3O *\/\r\n.pricing-wrapper .btn {\r\n  width: 100%;\r\n  padding: 14px;\r\n  border-radius: 30px;\r\n  border: none !important;\r\n  background: #e5e7eb;\r\n  color: #004250;\r\n  font-weight: 500;\r\n  cursor: pointer;\r\n  transition: background 0.25s ease, color 0.25s ease;\r\n}\r\n\r\n.pricing-wrapper .featured .btn {\r\n  background: #004250;\r\n  color: #fff;\r\n}\r\n\r\n.pricing-wrapper .btn:hover {\r\n  background: #004250;\r\n  color: #fff;\r\n}\r\n\r\n.pricing-wrapper .featured .btn:hover {\r\n  background: #e5e7eb;\r\n  color: #004250;\r\n}\r\n\r\n\/* ANTI BUG *\/\r\n.pricing-wrapper .btn,\r\n.pricing-wrapper .btn:hover {\r\n  border: none !important;\r\n  box-shadow: none !important;\r\n  transform: none !important;\r\n}\r\n<\/style>\r\n\r\n<div class=\"pricing-wrapper\">\r\n\r\n  <!-- TOGGLE -->\r\n  <div class=\"toggle-wrap\">\r\n    <div class=\"toggle-pro\" id=\"toggle\">\r\n      <div class=\"toggle-slider\"><\/div>\r\n      <span>Mensal<\/span>\r\n      <span>Anual<\/span>\r\n      <div class=\"discount-badge\">15% OFF<\/div>\r\n    <\/div>\r\n  <\/div>\r\n\r\n  <div class=\"pricing-cards\">\r\n\r\n    <div class=\"pricing-card\">\r\n      <div class=\"card-top\">\r\n        <div class=\"plan-title\">Plano B\u00e1sico<\/div>\r\n        <div class=\"price\" data-m=\"80.75\" data-y=\"69.90\">R$ 80,75 <small>\/m\u00eas<\/small><\/div>\r\n        <div class=\"meta\"><\/div>\r\n        <div class=\"save\"><\/div>\r\n        <div class=\"desc\">Tudo o que voc\u00ea precisa para organizar consultas e pacientes de forma simples e eficiente<\/div>\r\n        <ul class=\"features\">\r\n          <li>Agenda m\u00e9dica<\/li>\r\n          <li>Prontu\u00e1rio completo<\/li>\r\n          <li>Cadastro de pacientes<\/li>\r\n          <li>Receitu\u00e1rio\/Atestados<\/li>\r\n        <\/ul>\r\n      <\/div>\r\n      <button class=\"btn\">Escolher plano B\u00e1sico \u2192<\/button>\r\n    <\/div>\r\n\r\n    <div class=\"pricing-card featured\">\r\n      <div class=\"card-top\">\r\n        <div class=\"plan-title\">Plano Essencial<\/div>\r\n        <div class=\"price\" data-m=\"106.25\" data-y=\"89.90\">R$ 106,25 <small>\/m\u00eas<\/small><\/div>\r\n        <div class=\"meta\"><\/div>\r\n        <div class=\"save\"><\/div>\r\n        <div class=\"desc\">Automatize tarefas e ganhe tempo com prontu\u00e1rios personalizados e gest\u00e3o financeira integrada<\/div>\r\n        <ul class=\"features\">\r\n          <li>Todos os recursos do B\u00e1sico<\/li>\r\n          <li>Prontu\u00e1rio eletr\u00f4nico personalizado<\/li>\r\n        <\/ul>\r\n      <\/div>\r\n      <button class=\"btn\">Escolher plano Essencial \u2192<\/button>\r\n    <\/div>\r\n\r\n    <div class=\"pricing-card\">\r\n      <div class=\"card-top\">\r\n        <div class=\"plan-title\">Plano Completo<\/div>\r\n        <div class=\"price\" data-m=\"140.25\" data-y=\"119.90\">R$ 140,25 <small>\/m\u00eas<\/small><\/div>\r\n        <div class=\"meta\"><\/div>\r\n        <div class=\"save\"><\/div>\r\n        <div class=\"desc\">Solu\u00e7\u00e3o completa com estoque, assinatura digital e suporte priorit\u00e1rio para cl\u00ednicas em crescimento<\/div>\r\n        <ul class=\"features\">\r\n          <li>Todos os recursos do Essencial<\/li>\r\n          <li>Financeiro completo<\/li>\r\n          <li>Assinatura digital<\/li>\r\n          <li>Suporte priorit\u00e1rio<\/li>\r\n          <li>Controle de estoque<\/li>\r\n        <\/ul>\r\n      <\/div>\r\n      <button class=\"btn\">Escolher plano Completo \u2192<\/button>\r\n    <\/div>\r\n\r\n  <\/div>\r\n\r\n<\/div>\r\n\r\n<script>\r\nconst toggle = document.getElementById(\"toggle\");\r\n\r\ntoggle.addEventListener(\"click\", () => {\r\n  toggle.classList.toggle(\"active\");\r\n\r\n  document.querySelectorAll(\".pricing-wrapper .pricing-card\").forEach(card => {\r\n    const price = card.querySelector(\".price\");\r\n    const meta = card.querySelector(\".meta\");\r\n    const save = card.querySelector(\".save\");\r\n\r\n    const mensal = price.dataset.m;\r\n    const anual = price.dataset.y;\r\n\r\n    if (toggle.classList.contains(\"active\")) {\r\n      price.innerHTML = `R$ ${parseFloat(anual).toFixed(2).replace(\".\", \",\")} <small>\/m\u00eas<\/small>`;\r\n      meta.innerText = \"Cobran\u00e7a anual\";\r\n      save.innerText = \"Economize no plano anual\";\r\n    } else {\r\n      price.innerHTML = `R$ ${parseFloat(mensal).toFixed(2).replace(\".\", \",\")} <small>\/m\u00eas<\/small>`;\r\n      meta.innerText = \"\";\r\n      save.innerText = \"\";\r\n    }\r\n  });\r\n});\r\n<\/script>\t\t\t\t<\/div>\n\t\t\t\t<\/div>\n\t\t<div class=\"elementor-element elementor-element-4e5bfa1 e-con-full e-flex e-con e-child\" data-id=\"4e5bfa1\" data-element_type=\"container\" data-e-type=\"container\" data-settings=\"{&quot;background_background&quot;:&quot;classic&quot;}\">\n\t\t<div class=\"elementor-element elementor-element-5f0a0a0 e-con-full e-flex e-con e-child\" data-id=\"5f0a0a0\" data-element_type=\"container\" data-e-type=\"container\">\n\t\t\t\t<div class=\"elementor-element elementor-element-fe67e0d elementor-widget elementor-widget-heading\" data-id=\"fe67e0d\" data-element_type=\"widget\" data-e-type=\"widget\" data-widget_type=\"heading.default\">\n\t\t\t\t\t<h3 class=\"elementor-heading-title elementor-size-default\">Recursos exclusivos para otimizar sua cl\u00ednica<\/h3>\t\t\t\t<\/div>\n\t\t\t\t<\/div>\n\t\t<div class=\"elementor-element elementor-element-047f161 e-con-full e-flex e-con e-child\" data-id=\"047f161\" data-element_type=\"container\" data-e-type=\"container\">\n\t\t\t\t<div class=\"elementor-element elementor-element-ee418e3 xpro-content-aligncenter elementor-widget__width-inherit elementor-widget-tablet__width-initial elementor-widget-mobile__width-inherit elementor-widget elementor-widget-xpro-icon-box\" data-id=\"ee418e3\" data-element_type=\"widget\" data-e-type=\"widget\" data-widget_type=\"xpro-icon-box.default\">\n\t\t\t\t\t\r\n<a  class=\"xpro-box-icon-wrapper\">\r\n<div class=\"xpro-box-icon-wrapper-inner\">\r\n\t     \r\n\t\t\t   <span class=\"xpro-box-icon-item\">\r\n\t\t\t\t<img decoding=\"async\" width=\"151\" height=\"171\" src=\"https:\/\/desenvolveaqui.com.br\/mdmed\/wp-content\/uploads\/2026\/04\/telemedicina_planos.png\" class=\"attachment-full size-full\" alt=\"\" \/>\t\t  <\/span>\r\n\t\r\n\t<span class=\"xpro-box-icon-content\">\r\n\t<h3 class=\"xpro-box-icon-title\">Telemedicina<\/h3>\r\n\t\t\t\t\t<p class=\"xpro-box-icon-description\">Consultas online seguras e integradas ao prontu\u00e1rio com lembretes via WhatsApp.<\/p>\r\n\t\t\t\t   <\/span>\r\n   <\/div>\r\n<\/a>\r\n\t\t\t\t<\/div>\n\t\t\t\t<div class=\"elementor-element elementor-element-256c051 xpro-content-aligncenter elementor-widget__width-inherit elementor-widget-tablet__width-initial elementor-widget-mobile__width-inherit elementor-widget elementor-widget-xpro-icon-box\" data-id=\"256c051\" data-element_type=\"widget\" data-e-type=\"widget\" data-widget_type=\"xpro-icon-box.default\">\n\t\t\t\t\t\r\n<a  class=\"xpro-box-icon-wrapper\">\r\n<div class=\"xpro-box-icon-wrapper-inner\">\r\n\t     \r\n\t\t\t   <span class=\"xpro-box-icon-item\">\r\n\t\t\t\t<img decoding=\"async\" width=\"176\" height=\"182\" src=\"https:\/\/desenvolveaqui.com.br\/mdmed\/wp-content\/uploads\/2026\/04\/integracoes_whats.png\" class=\"attachment-full size-full\" alt=\"\" \/>\t\t  <\/span>\r\n\t\r\n\t<span class=\"xpro-box-icon-content\">\r\n\t<h3 class=\"xpro-box-icon-title\">Integra\u00e7\u00f5es<\/h3>\r\n\t\t\t\t\t<p class=\"xpro-box-icon-description\">Conex\u00e3o com sistemas externos (laborat\u00f3rios, plataformas, ERPs.)<\/p>\r\n\t\t\t\t   <\/span>\r\n   <\/div>\r\n<\/a>\r\n\t\t\t\t<\/div>\n\t\t\t\t<div class=\"elementor-element elementor-element-708d8ab xpro-content-aligncenter elementor-widget__width-inherit elementor-widget-tablet__width-initial elementor-widget-mobile__width-inherit elementor-widget elementor-widget-xpro-icon-box\" data-id=\"708d8ab\" data-element_type=\"widget\" data-e-type=\"widget\" data-widget_type=\"xpro-icon-box.default\">\n\t\t\t\t\t\r\n<a  class=\"xpro-box-icon-wrapper\">\r\n<div class=\"xpro-box-icon-wrapper-inner\">\r\n\t     \r\n\t\t\t   <span class=\"xpro-box-icon-item\">\r\n\t\t\t\t<img decoding=\"async\" width=\"171\" height=\"171\" src=\"https:\/\/desenvolveaqui.com.br\/mdmed\/wp-content\/uploads\/2026\/04\/integracoes.webp\" class=\"attachment-full size-full\" alt=\"Integra\u00e7\u00f5es\" srcset=\"https:\/\/desenvolveaqui.com.br\/mdmed\/wp-content\/uploads\/2026\/04\/integracoes.webp 171w, https:\/\/desenvolveaqui.com.br\/mdmed\/wp-content\/uploads\/2026\/04\/integracoes-150x150.webp 150w\" sizes=\"(max-width: 171px) 100vw, 171px\" \/>\t\t  <\/span>\r\n\t\r\n\t<span class=\"xpro-box-icon-content\">\r\n\t<h3 class=\"xpro-box-icon-title\">Integra\u00e7\u00f5es<\/h3>\r\n\t\t\t\t\t<p class=\"xpro-box-icon-description\">Conex\u00e3o com sistemas externos (laborat\u00f3rios, plataformas, ERPs.)<\/p>\r\n\t\t\t\t   <\/span>\r\n   <\/div>\r\n<\/a>\r\n\t\t\t\t<\/div>\n\t\t\t\t<div class=\"elementor-element elementor-element-ac6ddeb xpro-content-aligncenter elementor-widget__width-inherit elementor-widget-tablet__width-initial elementor-widget-mobile__width-inherit elementor-widget elementor-widget-xpro-icon-box\" data-id=\"ac6ddeb\" data-element_type=\"widget\" data-e-type=\"widget\" data-widget_type=\"xpro-icon-box.default\">\n\t\t\t\t\t\r\n<a  class=\"xpro-box-icon-wrapper\">\r\n<div class=\"xpro-box-icon-wrapper-inner\">\r\n\t     \r\n\t\t\t   <span class=\"xpro-box-icon-item\">\r\n\t\t\t\t<img loading=\"lazy\" decoding=\"async\" width=\"171\" height=\"171\" src=\"https:\/\/desenvolveaqui.com.br\/mdmed\/wp-content\/uploads\/2026\/04\/prontuarios.webp\" class=\"attachment-full size-full\" alt=\"\" srcset=\"https:\/\/desenvolveaqui.com.br\/mdmed\/wp-content\/uploads\/2026\/04\/prontuarios.webp 171w, https:\/\/desenvolveaqui.com.br\/mdmed\/wp-content\/uploads\/2026\/04\/prontuarios-150x150.webp 150w\" sizes=\"(max-width: 171px) 100vw, 171px\" \/>\t\t  <\/span>\r\n\t\r\n\t<span class=\"xpro-box-icon-content\">\r\n\t<h3 class=\"xpro-box-icon-title\">Prontu\u00e1rios r\u00e1pidos<\/h3>\r\n\t\t\t\t\t<p class=\"xpro-box-icon-description\">Automatize confirma\u00e7\u00f5es e envio de documentos via WhatsApp.<\/p>\r\n\t\t\t\t   <\/span>\r\n   <\/div>\r\n<\/a>\r\n\t\t\t\t<\/div>\n\t\t\t\t<div class=\"elementor-element elementor-element-f9ada7c xpro-content-aligncenter elementor-widget__width-inherit elementor-widget-tablet__width-initial elementor-widget-mobile__width-inherit elementor-widget elementor-widget-xpro-icon-box\" data-id=\"f9ada7c\" data-element_type=\"widget\" data-e-type=\"widget\" data-widget_type=\"xpro-icon-box.default\">\n\t\t\t\t\t\r\n<a  class=\"xpro-box-icon-wrapper\">\r\n<div class=\"xpro-box-icon-wrapper-inner\">\r\n\t     \r\n\t\t\t   <span class=\"xpro-box-icon-item\">\r\n\t\t\t\t<img loading=\"lazy\" decoding=\"async\" width=\"171\" height=\"171\" src=\"https:\/\/desenvolveaqui.com.br\/mdmed\/wp-content\/uploads\/2026\/04\/documentos.webp\" class=\"attachment-full size-full\" alt=\"Documentos e assinaturas\" srcset=\"https:\/\/desenvolveaqui.com.br\/mdmed\/wp-content\/uploads\/2026\/04\/documentos.webp 171w, https:\/\/desenvolveaqui.com.br\/mdmed\/wp-content\/uploads\/2026\/04\/documentos-150x150.webp 150w\" sizes=\"(max-width: 171px) 100vw, 171px\" \/>\t\t  <\/span>\r\n\t\r\n\t<span class=\"xpro-box-icon-content\">\r\n\t<h3 class=\"xpro-box-icon-title\">Documentos e assinaturas<\/h3>\r\n\t\t\t\t\t<p class=\"xpro-box-icon-description\">Envio autom\u00e1tico de receitas, exames e atestados com a op\u00e7\u00e3o de assinatura digital.<\/p>\r\n\t\t\t\t   <\/span>\r\n   <\/div>\r\n<\/a>\r\n\t\t\t\t<\/div>\n\t\t\t\t<\/div>\n\t\t\t\t<\/div>\n\t\t<div class=\"elementor-element elementor-element-56cd5c0 e-con-full e-flex e-con e-child\" data-id=\"56cd5c0\" data-element_type=\"container\" data-e-type=\"container\">\n\t\t\t\t<div class=\"elementor-element elementor-element-89ace4c elementor-mobile-align-justify elementor-widget-mobile__width-inherit elementor-widget elementor-widget-button\" data-id=\"89ace4c\" data-element_type=\"widget\" data-e-type=\"widget\" data-widget_type=\"button.default\">\n\t\t\t\t\t\t\t\t\t\t<a class=\"elementor-button elementor-button-link elementor-size-sm\" href=\"#\">\n\t\t\t\t\t\t<span class=\"elementor-button-content-wrapper\">\n\t\t\t\t\t\t<span class=\"elementor-button-icon\">\n\t\t\t\t<svg aria-hidden=\"true\" class=\"e-font-icon-svg e-fas-arrow-right\" viewBox=\"0 0 448 512\" xmlns=\"http:\/\/www.w3.org\/2000\/svg\"><path d=\"M190.5 66.9l22.2-22.2c9.4-9.4 24.6-9.4 33.9 0L441 239c9.4 9.4 9.4 24.6 0 33.9L246.6 467.3c-9.4 9.4-24.6 9.4-33.9 0l-22.2-22.2c-9.5-9.5-9.3-25 .4-34.3L311.4 296H24c-13.3 0-24-10.7-24-24v-32c0-13.3 10.7-24 24-24h287.4L190.9 101.2c-9.8-9.3-10-24.8-.4-34.3z\"><\/path><\/svg>\t\t\t<\/span>\n\t\t\t\t\t\t\t\t\t<span class=\"elementor-button-text\">Consultar valores<\/span>\n\t\t\t\t\t<\/span>\n\t\t\t\t\t<\/a>\n\t\t\t\t\t\t\t\t<\/div>\n\t\t\t\t<\/div>\n\t\t\t\t\t<\/div>\n\t\t\t\t<\/div>\n\t\t\t\t<\/div>\n\t\t","protected":false},"excerpt":{"rendered":"<p>Planos e pre\u00e7os Escolha seu plano 14 dias gr\u00e1tis. N\u00e3o requer cart\u00e3o de cr\u00e9dito. Mensal Anual 15% OFF Plano B\u00e1sico R$ 80,75 \/m\u00eas Tudo o que voc\u00ea precisa para organizar consultas e pacientes de forma simples e eficiente Agenda m\u00e9dica Prontu\u00e1rio completo Cadastro de pacientes Receitu\u00e1rio\/Atestados Escolher plano B\u00e1sico \u2192 Plano Essencial R$ 106,25 \/m\u00eas [&hellip;]<\/p>\n","protected":false},"author":1,"featured_media":0,"parent":0,"menu_order":0,"comment_status":"closed","ping_status":"closed","template":"","meta":{"footnotes":""},"class_list":["post-378","page","type-page","status-publish","hentry"],"_links":{"self":[{"href":"https:\/\/desenvolveaqui.com.br\/mdmed\/wp-json\/wp\/v2\/pages\/378","targetHints":{"allow":["GET"]}}],"collection":[{"href":"https:\/\/desenvolveaqui.com.br\/mdmed\/wp-json\/wp\/v2\/pages"}],"about":[{"href":"https:\/\/desenvolveaqui.com.br\/mdmed\/wp-json\/wp\/v2\/types\/page"}],"author":[{"embeddable":true,"href":"https:\/\/desenvolveaqui.com.br\/mdmed\/wp-json\/wp\/v2\/users\/1"}],"replies":[{"embeddable":true,"href":"https:\/\/desenvolveaqui.com.br\/mdmed\/wp-json\/wp\/v2\/comments?post=378"}],"version-history":[{"count":31,"href":"https:\/\/desenvolveaqui.com.br\/mdmed\/wp-json\/wp\/v2\/pages\/378\/revisions"}],"predecessor-version":[{"id":507,"href":"https:\/\/desenvolveaqui.com.br\/mdmed\/wp-json\/wp\/v2\/pages\/378\/revisions\/507"}],"wp:attachment":[{"href":"https:\/\/desenvolveaqui.com.br\/mdmed\/wp-json\/wp\/v2\/media?parent=378"}],"curies":[{"name":"wp","href":"https:\/\/api.w.org\/{rel}","templated":true}]}}